ppose 224 - 4 = n*z. Suppose 1 - 6 = -d. Calculate the highest common factor of z and d.
5
Suppose -3 - 1 = -2*a. Suppose -6*t = -a*t - 64. Calculate the highest common factor of t and 4.
4
Let o = 35 + -23. What is the highest common divisor of o and 24?
12
Suppose 4 = 3*y + l, -4*y + 9 = 3*l + 2*l. Let j be 4/(-14) + (-12)/7. Let w be (1*j)/(-1) - 0. Calculate the greatest common factor of y and w.
1
Let u = -7 - -15. Calculate the greatest common factor of 32 and u.
8
Let a = 8 + 1. Let d be -3*(-1 + (-33)/a). Let j be -18*1/(-2)*14. What is the greatest common divisor of d and j?
14
Suppose 5*b - 70 = -4*o, -4*b + 5*b + 3*o - 14 = 0. Let g be 12/(-2)*(-245)/15. Calculate the greatest common factor of b and g.
14
Let y = -62 - -90. Suppose -1 + 19 = 4*c - j, -5*j = 5*c - 10. What is the greatest common factor of c and y?
4
Let p be ((-24)/10)/(6/(-380)). Calculate the greatest common divisor of 19 and p.
19
Let h be (-18)/8*(-612)/9. What is the greatest common divisor of 17 and h?
17
Let i(l) = -l**3 - 2*l**2 - 3. Let u be i(-3). Let m be 4/u*(52 + 2). Calculate the greatest common factor of 12 and m.
12
Let g = 104 + -59. Suppose -2*j + 59 = 5*n, 6*n - 2*j = 3*n + g. Let x be (113 - 2/(-1)) + 2. What is the highest common factor of n and x?
13
Let f = -13 + 19. Calculate the greatest common divisor of 36 and f.
6
Let q(m) = m**3 - 12*m**2 - 28*m + 14. Let y be q(14). What is the highest common divisor of 21 and y?
7
Let u be (-4 + 3)/1 - -35. Suppose -5*j = -4*o + u, 4*o - 51 = 4*j - 19. Calculate the highest common factor of o and 15.
3
Let m = 70 + -59. Let v be -2 + 1 + (-12)/(-1). Calculate the greatest common divisor of m and v.
11
Suppose 2*g - 497 = -125. Suppose h + g = 3*h. Calculate the greatest common divisor of 62 and h.
31
Suppose 2*i = 3*i. Suppose 4*m - 528 = -i*m. What is the highest common divisor of 12 and m?
12
Suppose 5*p - 104 = -5*a + 51, 4*a - p = 149. Suppose -v + 4 = -0. What is the greatest common factor of v and a?
4
Let d = -7 - -25. Suppose -3*y + 584 = 32. Suppose -42 = -b + 3*c, -4*b + y = c + 3*c. What is the greatest common factor of b and d?
9
Suppose 2*f - 4*f = 2*k + 82, 3*f - 2*k + 138 = 0. Let h = 86 + f. Calculate the greatest common factor of h and 14.
14
Let v(q) be the first derivative of 95/3*q**3 + 1 + q - 1/2*q**2. Let m be v(1). What is the highest common factor of m and 19?
19
Let k(t) = 3*t**2 - 2*t**2 - 6*t - 2*t**2 - 10 + 0*t. Let c be k(-7). Let q = 24 + c. Calculate the greatest common factor of 7 and q.
7
Let f(y) = 2*y**2 + 4*y - 8. Let n be f(-6). Let b(x) = 2*x**2 + 4*x + 4. Let u be b(-4). What is the highest common divisor of n and u?
20
Suppose 0 = -2*q - 19 - 1. Let n be (56/q)/(8/(-220)). Calculate the greatest common divisor of n and 14.
14
Let i(k) = 8*k + 1 + 0 - 4*k. Let b be i(5). Calculate the highest common factor of 7 and b.
7
Suppose -y - 4 + 0 = 0, -4*v - 2*y = -360. Calculate the greatest common divisor of 138 and v.
46
Suppose k = -2*o - 2*o - 8, -2*k + 2*o = -14. Let r be k/(-10) - (-282)/5. Suppose 12 = -d + r. What is the greatest common factor of 4 and d?
4
Let c be (-20)/(-1 + -1 - -3). Let n be ((-2)/8)/(5/c). Calculate the greatest common factor of 4 and n.
1
Let l(i) = i - 11. Let p be l(12). Suppose -2*n + p = -3*u - 1, 2*u = 4*n - 4. Calculate the greatest common factor of n and 4.
1
Suppose -o = 5*t + 4, 4*t = -3*o + 2*o. Suppose -3*k = 4*s - 16, -5*k = -2*s - s + 12. What is the highest common factor of o and s?
4
Let s(k) = k + 6. Let f be s(6). Let x(d) = d**2 - 9*d + 12. Let p be x(8). Calculate the highest common divisor of p and f.
4
Let l = 74 - 57. Let p = 4 - 6. Let m be (0 - -22)*(-17)/p. Calculate the highest common divisor of l and m.
17
Suppose -8*b = -5*b - 27. What is the greatest common factor of b and 18?
9
Let v = 21 - 13. Let l(q) = 16*q**2. Let y be l(1). What is the highest common factor of v and y?
8
Let i be 3 - (3 - 1) - -6. Suppose 0 = -3*q - 4*n + 231, -q - n + 113 = 36. Calculate the greatest common divisor of i and q.
7
Suppose -3*k - 5*a = -8*k + 90, -38 = -3*k - 5*a. Calculate the greatest common divisor of 24 and k.
8
Let x(z) = -z**2 + 7*z - 6. Let l be x(4). Suppose -l*j = -2*j - 60. What is the greatest common factor of j and 15?
15
Let f be -2*(-2)/4*4. Suppose -3*i = n - 3*n - 16, i = n + f. Calculate the greatest common factor of i and 88.
8
Suppose 2*m + 2*a = -3*m + 15, 2*m + 2*a = 12. Let o be 0 - m*8*-1. Suppose -2*d = -14 - 18. Calculate the greatest common divisor of o and d.
8
Let b(p) = -2*p**3 - 2*p**2 - 8*p - 8. Let k be b(-6). Let o be k/22 + 8/(-44). What is the greatest common divisor of 6 and o?
6
Let b be 4/(-6)*45/(-6). Suppose 4*i + 101 = -b*g, i - 43 = -4*g + 6*g. Let y = g - -31. What is the highest common divisor of 60 and y?
10
Let x be 0 - 196/(-6) - (-1)/3. What is the highest common factor of x and 11?
11
Let i = 127 + -98. Calculate the highest common factor of 29 and i.
29
Suppose -4*w + 12 + 16 = 0. Let l = -66 + 73. What is the greatest common divisor of w and l?
7
Let p = -10 + 17. Let a be 4/6*(-42)/(-4). What is the highest common factor of p and a?
7
Let z be (-6)/(-3) + 0 + 42. What is the greatest common factor of z and 66?
22
Let s = 192 - 189. Calculate the highest common factor of s and 30.
3
Let a(q) = 4*q**2 - 6*q - 10. Let f be a(-4). Let k(y) = -3*y - 4. Let t be k(-10). Calculate the highest common divisor of f and t.
26
Let c(u) = -u**2 + 8*u + 3. Let g be c(7). Calculate the greatest common divisor of g and 70.
10
Suppose -2*b - 5*l = -16, -4*l - 18 = -2*b + 34. Let k = -200 + 308. What is the highest common divisor of k and b?
18
Suppose -2*x = 0, -4*a - 4*x + 5*x = -64. Suppose 0*m + a = 4*m. Calculate the highest common divisor of m and 8.
4
Suppose 0 = 4*i + 2*i - 1728. Calculate the greatest common divisor of 32 and i.
32
Let r be (-8)/(-6)*(-126)/(-4). Calculate the greatest common factor of 6 and r.
6
Let a be 3/(2 + 1)*16. Suppose -4*h + o + 97 = 0, o + 0 = -1. What is the highest common factor of h and a?
8
Suppose -3*d - b = -45, -8 = -d - 5*b + 7. Let k(q) = q**2 + 135. Let o be k(0). Calculate the greatest common divisor of d and o.
15
Let v be 2 - -103 - 2 - (-56)/(-14). Suppose -4*m = -a - 39, -11 = -5*m + 2*a + 34. Calculate the greatest common factor of v and m.
11
Let i be 149 - 5*(-1 - -2). What is the highest common divisor of i and 18?
18
Let g(m) = -m - 4. Let z be g(-4). Suppose -b + 0*l = 3*l - 105, 5*b + 5*l - 475 = z. What is the highest common divisor of b and 10?
10
Suppose k + 28 = 5*k + 3*f, -f + 20 = 4*k. Suppose 0 = -3*q - k*p + 38, -q + 0*p + p = -1. What is the highest common factor of 54 and q?
6
Suppose -5*m + 67 = -98. What is the greatest common factor of m and 11?
11
Suppose 3*a + 2 = 8. Suppose a*h = 143 + 17. Calculate the highest common divisor of h and 32.
16
Suppose 283 + 257 = 9*g. Suppose -4*n + 33 = 3*t, 3*t + n - 27 = t. What is the greatest common divisor of g and t?
15
Let s be (-11 - 1)*(12 - 14). Suppose -3*v = -14 - 4. Calculate the greatest common factor of s and v.
6
Let f = 8 - 6. Suppose f*z + g + 3 = 1, -z - g - 2 = 0. Suppose z*o + 45 = o - 3*n, -3*o + n = -143. Calculate the greatest common divisor of 12 and o.
12
Suppose -14 = 3*w - 5*w - 4*a, -2*a = -2. Suppose -3*r = -32 + w. What is the highest common divisor of 99 and r?
9
Let n(x) = -x**2 - 15*x - 13. Let d be n(-14). Let u be 36*(2/(-4) + d). Calculate the greatest common divisor of 45 and u.
9
Let h = 65 - -5. Suppose 2*m = m - h. Let k be m/(-3)*(-6)/(-2). What is the highest common factor of k and 28?
14
Let g be 55/22*80/2. Calculate the highest common factor of g and 40.
20
Let z = -20 - -28. What is the greatest common factor of z and 40?
8
Let v(t) = t - 3. Let l be v(3). Suppose l = 5*d - d - 3*j - 138, 2*d - 62 = 5*j. Let i = -15 + d. What is the highest common divisor of 7 and i?
7
Suppose 0 = 5*v - 53 - 67. Suppose -4*y = -d + v, 2*y - 34 = -d + y. What is the highest common factor of 16 and d?
16
Let p(k) = k**3 + 32. Let v be p(0). What is the greatest common divisor of 256 and v?
32
Let b(r) = 3*r**2 + 3*r - 3. Let q be (-3)/4*(1 + 3). Let j be b(q). What is the greatest common factor of 6 and j?
3
Let f = -78 - -92. Calculate the highest comm